{"id":49,"date":"2026-09-03T15:57:34","date_gmt":"2026-09-03T13:57:34","guid":{"rendered":"https:\/\/www.body-mindfulness.de\/?page_id=49"},"modified":"2026-09-03T17:11:40","modified_gmt":"2026-09-03T15:11:40","slug":"meine-vision","status":"publish","type":"page","link":"https:\/\/www.body-mindfulness.de\/?page_id=49","title":{"rendered":"Meine Vision"},"content":{"rendered":"\n<p class=\"wp-block-paragraph\">Ich glaube, dass wir Menschen unser gr\u00f6\u00dftes Potenzial entfalten, wenn wir bereit sind, ein Leben lang zu lernen \u2013 voneinander und miteinander. Aus dieser \u00dcberzeugung entstand Body-Mindfulness.<\/p>\n\n\n\n<h3 class=\"wp-block-heading\">Gemeinsam auf dem Weg<\/h3>\n\n\n\n<p class=\"wp-block-paragraph\">Ein Weg zu mehr K\u00f6rperbewusstsein, innerer Klarheit und echter Verbundenheit. Nicht, weil ich glaube, angekommen zu sein. Sondern weil ich \u00fcberzeugt bin, dass pers\u00f6nliche Entwicklung niemals endet. Ich m\u00f6chte mich selbst weiterentwickeln \u2013 und diesen Weg gemeinsam mit den Menschen gehen, die Teil unserer Community werden.<\/p>\n\n\n\n<figure class=\"wp-block-image size-full\"><img loading=\"lazy\" decoding=\"async\" width=\"844\" height=\"233\" src=\"https:\/\/www.body-mindfulness.de\/wp-content\/uploads\/2026\/09\/image-vision-edited.jpg\" alt=\"\" class=\"wp-image-118\" srcset=\"https:\/\/www.body-mindfulness.de\/wp-content\/uploads\/2026\/09\/image-vision-edited.jpg 844w, https:\/\/www.body-mindfulness.de\/wp-content\/uploads\/2026\/09\/image-vision-edited-300x83.jpg 300w, https:\/\/www.body-mindfulness.de\/wp-content\/uploads\/2026\/09\/image-vision-edited-768x212.jpg 768w\" sizes=\"auto, (max-width: 767px) 89vw, (max-width: 1000px) 54vw, (max-width: 1071px) 543px, 580px\" \/><\/figure>\n\n\n\n<h3 class=\"wp-block-heading\">Warum Body-Mindfulness Community?<\/h3>\n\n\n\n<p class=\"wp-block-paragraph\"><strong>Viele Angebote enden mit dem letzten Kurstag &#8211; Ich w\u00fcnsche mir etwas anderes.<\/strong><\/p>\n\n\n\n<p class=\"wp-block-paragraph\">Seit vielen Jahren gebe ich Seminare und Workshops an verschiedenen Orten und in unterschiedlichen L\u00e4ndern. Dabei habe ich immer wieder Menschen kennengelernt, die sich auch nach dem Seminar eine weitere Begleitung und den Austausch mit Gleichgesinnten gew\u00fcnscht haben. Bisher fehlte daf\u00fcr der passende Rahmen.<\/p>\n\n\n\n<p class=\"wp-block-paragraph\">Mit der <strong>Body-Mindfulness Community<\/strong> m\u00f6chte ich einen Ort schaffen, an dem Menschen auch nach einem Seminar miteinander in Verbindung bleiben. Einen Ort f\u00fcr regelm\u00e4\u00dfige Praxis, pers\u00f6nlichen Austausch und gegenseitige Inspiration. So wird aus einem einzelnen Kurs ein gemeinsamer Weg, auf dem wir uns langfristig begleiten und gemeinsam weiterentwickeln.<\/p>\n\n\n\n<h3 class=\"wp-block-heading\">Gemeinsam lernen<\/h3>\n\n\n\n<p class=\"wp-block-paragraph\"><strong>Ich glaube nicht daran, dass Wissen nur in eine Richtung flie\u00dft.<\/strong><\/p>\n\n\n\n<p class=\"wp-block-paragraph\">Jeder Mensch bringt eigene Erfahrungen, F\u00e4higkeiten und Perspektiven mit. Deshalb m\u00f6chte ich eine Community schaffen, in der wir uns gegenseitig inspirieren, motivieren und voneinander lernen. So entsteht ein lebendiger Raum f\u00fcr gemeinsames Wachstum \u2013 ganz im Sinne eines traditionellen japanischen Dojos.<\/p>\n\n\n\n<h3 class=\"wp-block-heading\">Mein Versprechen<\/h3>\n\n\n\n<p class=\"wp-block-paragraph\"><strong>Diese Community ist f\u00fcr mich kein fertiges Produkt.<\/strong><\/p>\n\n\n\n<p class=\"wp-block-paragraph\">Sie wird sich mit der Zeit weiterentwickeln \u2013 genauso wie wir Menschen. Ich werde kontinuierlich Zeit investieren, neue Inhalte entwickeln und meine Erfahrungen aus Kyudo, Coaching, Wissenschaft und Achtsamkeit mit der Community teilen. Gleichzeitig w\u00fcnsche ich mir eine Community, die auch mich inspiriert. Denn ich bin \u00fcberzeugt:<\/p>\n\n\n\n<p class=\"wp-block-paragraph\"><strong>Wir lernen am meisten, wenn wir gemeinsam unterwegs sind.<\/strong><\/p>\n\n\n\n<p class=\"wp-block-paragraph\">Denn Gesundheit entsteht nicht nur durch Bewegung oder Wissen. Sie entsteht durch die Verbindung mit uns selbst, mit anderen Menschen und mit dem Leben.<\/p>\n\n\n\n<p class=\"wp-block-paragraph\"><strong>Healthy Body<\/strong> &#8211; <strong>Clear Mind<\/strong> &#8211; <strong>Connectedness<\/strong> &#8211;<strong>Shared Happiness.<\/strong><\/p>\n","protected":false},"excerpt":{"rendered":"<p>Ich glaube, dass wir Menschen unser gr\u00f6\u00dftes Potenzial entfalten, wenn wir bereit sind, ein Leben lang zu lernen \u2013 voneinander und miteinander. Aus dieser \u00dcberzeugung entstand Body-Mindfulness. Gemeinsam auf dem Weg Ein Weg zu mehr K\u00f6rperbewusstsein, innerer Klarheit und echter Verbundenheit. Nicht, weil ich glaube, angekommen zu sein. Sondern weil ich \u00fcberzeugt bin, dass pers\u00f6nliche &hellip; <\/p>\n<p class=\"link-more\"><a href=\"https:\/\/www.body-mindfulness.de\/?page_id=49\" class=\"more-link\"><span class=\"screen-reader-text\">\u201eMeine Vision\u201c <\/span>weiterlesen<\/a><\/p>\n","protected":false},"author":1,"featured_media":0,"parent":0,"menu_order":0,"comment_status":"closed","ping_status":"closed","template":"","meta":{"_monsterinsights_skip_tracking":false,"footnotes":""},"class_list":["post-49","page","type-page","status-publish","hentry"],"_links":{"self":[{"href":"https:\/\/www.body-mindfulness.de\/index.php?rest_route=\/wp\/v2\/pages\/49","targetHints":{"allow":["GET"]}}],"collection":[{"href":"https:\/\/www.body-mindfulness.de\/index.php?rest_route=\/wp\/v2\/pages"}],"about":[{"href":"https:\/\/www.body-mindfulness.de\/index.php?rest_route=\/wp\/v2\/types\/page"}],"author":[{"embeddable":true,"href":"https:\/\/www.body-mindfulness.de\/index.php?rest_route=\/wp\/v2\/users\/1"}],"replies":[{"embeddable":true,"href":"https:\/\/www.body-mindfulness.de\/index.php?rest_route=%2Fwp%2Fv2%2Fcomments&post=49"}],"version-history":[{"count":2,"href":"https:\/\/www.body-mindfulness.de\/index.php?rest_route=\/wp\/v2\/pages\/49\/revisions"}],"predecessor-version":[{"id":120,"href":"https:\/\/www.body-mindfulness.de\/index.php?rest_route=\/wp\/v2\/pages\/49\/revisions\/120"}],"wp:attachment":[{"href":"https:\/\/www.body-mindfulness.de\/index.php?rest_route=%2Fwp%2Fv2%2Fmedia&parent=49"}],"curies":[{"name":"wp","href":"https:\/\/api.w.org\/{rel}","templated":true}]}}

<p class="wp-block-paragraph">Ich glaube, dass wir Menschen unser größtes Potenzial entfalten, wenn wir bereit sind, ein Leben lang zu lernen – voneinander und miteinander. Aus dieser Überzeugung entstand Body-Mindfulness.</p>



<h3 class="wp-block-heading">Gemeinsam auf dem Weg</h3>



<p class="wp-block-paragraph">Ein Weg zu mehr Körperbewusstsein, innerer Klarheit und echter Verbundenheit. Nicht, weil ich glaube, angekommen zu sein. Sondern weil ich überzeugt bin, dass persönliche Entwicklung niemals endet. Ich möchte mich selbst weiterentwickeln – und diesen Weg gemeinsam mit den Menschen gehen, die Teil unserer Community werden.</p>



<figure class="wp-block-image size-full"><img loading="lazy" decoding="async" width="844" height="233" src="https://www.body-mindfulness.de/wp-content/uploads/2026/09/image-vision-edited.jpg" alt="" class="wp-image-118" srcset="https://www.body-mindfulness.de/wp-content/uploads/2026/09/image-vision-edited.jpg 844w, https://www.body-mindfulness.de/wp-content/uploads/2026/09/image-vision-edited-300x83.jpg 300w, https://www.body-mindfulness.de/wp-content/uploads/2026/09/image-vision-edited-768x212.jpg 768w" sizes="auto, (max-width: 767px) 89vw, (max-width: 1000px) 54vw, (max-width: 1071px) 543px, 580px" /></figure>



<h3 class="wp-block-heading">Warum Body-Mindfulness Community?</h3>



<p class="wp-block-paragraph"><strong>Viele Angebote enden mit dem letzten Kurstag &#8211; Ich wünsche mir etwas anderes.</strong></p>



<p class="wp-block-paragraph">Seit vielen Jahren gebe ich Seminare und Workshops an verschiedenen Orten und in unterschiedlichen Ländern. Dabei habe ich immer wieder Menschen kennengelernt, die sich auch nach dem Seminar eine weitere Begleitung und den Austausch mit Gleichgesinnten gewünscht haben. Bisher fehlte dafür der passende Rahmen.</p>



<p class="wp-block-paragraph">Mit der <strong>Body-Mindfulness Community</strong> möchte ich einen Ort schaffen, an dem Menschen auch nach einem Seminar miteinander in Verbindung bleiben. Einen Ort für regelmäßige Praxis, persönlichen Austausch und gegenseitige Inspiration. So wird aus einem einzelnen Kurs ein gemeinsamer Weg, auf dem wir uns langfristig begleiten und gemeinsam weiterentwickeln.</p>



<h3 class="wp-block-heading">Gemeinsam lernen</h3>



<p class="wp-block-paragraph"><strong>Ich glaube nicht daran, dass Wissen nur in eine Richtung fließt.</strong></p>



<p class="wp-block-paragraph">Jeder Mensch bringt eigene Erfahrungen, Fähigkeiten und Perspektiven mit. Deshalb möchte ich eine Community schaffen, in der wir uns gegenseitig inspirieren, motivieren und voneinander lernen. So entsteht ein lebendiger Raum für gemeinsames Wachstum – ganz im Sinne eines traditionellen japanischen Dojos.</p>



<h3 class="wp-block-heading">Mein Versprechen</h3>



<p class="wp-block-paragraph"><strong>Diese Community ist für mich kein fertiges Produkt.</strong></p>



<p class="wp-block-paragraph">Sie wird sich mit der Zeit weiterentwickeln – genauso wie wir Menschen. Ich werde kontinuierlich Zeit investieren, neue Inhalte entwickeln und meine Erfahrungen aus Kyudo, Coaching, Wissenschaft und Achtsamkeit mit der Community teilen. Gleichzeitig wünsche ich mir eine Community, die auch mich inspiriert. Denn ich bin überzeugt:</p>



<p class="wp-block-paragraph"><strong>Wir lernen am meisten, wenn wir gemeinsam unterwegs sind.</strong></p>



<p class="wp-block-paragraph">Denn Gesundheit entsteht nicht nur durch Bewegung oder Wissen. Sie entsteht durch die Verbindung mit uns selbst, mit anderen Menschen und mit dem Leben.</p>



<p class="wp-block-paragraph"><strong>Healthy Body</strong> &#8211; <strong>Clear Mind</strong> &#8211; <strong>Connectedness</strong> &#8211;<strong>Shared Happiness.</strong></p>

<p>Ich glaube, dass wir Menschen unser größtes Potenzial entfalten, wenn wir bereit sind, ein Leben lang zu lernen – voneinander und miteinander. Aus dieser Überzeugung entstand Body-Mindfulness. Gemeinsam auf dem Weg Ein Weg zu mehr Körperbewusstsein, innerer Klarheit und echter Verbundenheit. Nicht, weil ich glaube, angekommen zu sein. Sondern weil ich überzeugt bin, dass persönliche &hellip; </p>
<p class="link-more"><a href="https://www.body-mindfulness.de/?page_id=49" class="more-link"><span class="screen-reader-text">„Meine Vision“ </span>weiterlesen</a></p>
