{"id":63,"date":"2026-09-03T16:02:05","date_gmt":"2026-09-03T14:02:05","guid":{"rendered":"https:\/\/www.body-mindfulness.de\/?page_id=63"},"modified":"2026-09-03T18:42:25","modified_gmt":"2026-09-03T16:42:25","slug":"retreat-programm","status":"publish","type":"page","link":"https:\/\/www.body-mindfulness.de\/?page_id=63","title":{"rendered":"Retreat Programm"},"content":{"rendered":"\n<p class=\"has-medium-font-size wp-block-paragraph\"><strong>Zeit f\u00fcr Regeneration, Klarheit und pers\u00f6nliche Entwicklung<\/strong><\/p>\n\n\n\n<div class=\"wp-block-media-text is-stacked-on-mobile\" style=\"grid-template-columns:25% auto\"><figure class=\"wp-block-media-text__media\"><img loading=\"lazy\" decoding=\"async\" width=\"361\" height=\"327\" src=\"https:\/\/www.body-mindfulness.de\/wp-content\/uploads\/2026\/09\/icon-retreat.jpg\" alt=\"\" class=\"wp-image-128 size-full\" srcset=\"https:\/\/www.body-mindfulness.de\/wp-content\/uploads\/2026\/09\/icon-retreat.jpg 361w, https:\/\/www.body-mindfulness.de\/wp-content\/uploads\/2026\/09\/icon-retreat-300x272.jpg 300w\" sizes=\"auto, (max-width: 361px) 100vw, 361px\" \/><\/figure><div class=\"wp-block-media-text__content\">\n<p class=\"wp-block-paragraph\">Unsere Retreat-Programme finden im <strong>Mui Shizen Dojo<\/strong> in Waldniel statt \u2013 einem besonderen Ort auf privatem Grundst\u00fcck, gelegen im Naturschutzgebiet <strong>Schwalm-Nette<\/strong>, umgeben von Ruhe und unber\u00fchrter Natur.<\/p>\n\n\n\n<p class=\"wp-block-paragraph\">Jedes Retreat bietet ausreichend Zeit f\u00fcr \u00dcbung, Austausch, Stille und Erholung \u2013 in einer famili\u00e4ren Atmosph\u00e4re, die Offenheit, Vertrauen und gegenseitige Wertsch\u00e4tzung f\u00f6rdert.<\/p>\n<\/div><\/div>\n\n\n\n<ul class=\"wp-block-list\">\n<li>Meditation<\/li>\n\n\n\n<li>Reinigung des K\u00f6rpers und der Umgebung<\/li>\n\n\n\n<li>Yoga<\/li>\n\n\n\n<li>Wanderung und Achtsamkeits\u00fcbung in Natur<\/li>\n\n\n\n<li>Bewegungs\u00fcbungen<\/li>\n\n\n\n<li>Massage (Option &#8211; Zusatzleistung)<\/li>\n\n\n\n<li>Vegetarisch- und Ayurvedische K\u00fcche<\/li>\n\n\n\n<li>Entspannungsmeditation<\/li>\n<\/ul>\n\n\n\n<p class=\"wp-block-paragraph\">Das Mui Shizen Dojo ist mehr als ein Seminarort. Es ist ein Ort der Begegnung, der Inspiration und des gemeinsamen Weges \u2013 ein Raum, in dem Menschen zu mehr Energie, Erf\u00fcllung und Verbundenheit finden k\u00f6nnen.<\/p>\n\n\n\n<h3 class=\"wp-block-heading\">Teilnahmegeb\u00fchren<\/h3>\n\n\n\n<p class=\"wp-block-paragraph\">Die Teilnahmegeb\u00fchren richten sich nach dem jeweiligen Retreat-Programm, der Dauer des Aufenthalts sowie dem Umfang der enthaltenen Leistungen. Um eine pers\u00f6nliche und intensive Atmosph\u00e4re zu gew\u00e4hrleisten, finden die Retreats in kleinen Gruppen mit <strong>2 bis maximal 8 Teilnehmenden<\/strong> statt.<\/p>\n\n\n\n<h3 class=\"wp-block-heading\">\ud83c\udf3f Wochenend-Retreat (2 Tage \/ 1 \u00dcbernachtung)<\/h3>\n\n\n\n<p class=\"wp-block-paragraph\">Ideal zum Abschalten, Auftanken und Kennenlernen der Body-Mindfulness-Methode.<\/p>\n\n\n\n<p class=\"wp-block-paragraph\"><strong>Teilnahmegeb\u00fchr:<\/strong> ab <strong>350 \u20ac pro Person<\/strong><\/p>\n\n\n\n<p class=\"wp-block-paragraph\"><strong>Inklusive:<\/strong><\/p>\n\n\n\n<ul class=\"wp-block-list\">\n<li><strong>1 \u00dcbernachtung<\/strong><\/li>\n\n\n\n<li>Vollpension mit <strong>4 Mahlzeiten<\/strong><\/li>\n\n\n\n<li>Getr\u00e4nke w\u00e4hrend des Programms<\/li>\n<\/ul>\n\n\n\n<h3 class=\"wp-block-heading\">\ud83c\udf33 Intensiv-Retreat (3 Tage \/ 2 \u00dcbernachtungen)<\/h3>\n\n\n\n<p class=\"wp-block-paragraph\">Mehr Zeit f\u00fcr Regeneration, pers\u00f6nliche Entwicklung und das intensive Erleben von Body-Mindfulness, Natur und Gemeinschaft.<\/p>\n\n\n\n<p class=\"wp-block-paragraph\"><strong>Teilnahmegeb\u00fchr:<\/strong> ab <strong>550 \u20ac pro Person<\/strong><\/p>\n\n\n\n<p class=\"wp-block-paragraph\"><strong>Inklusive:<\/strong><\/p>\n\n\n\n<ul class=\"wp-block-list\">\n<li><strong>2 \u00dcbernachtungen<\/strong><\/li>\n\n\n\n<li>Vollpension mit <strong>7 Mahlzeiten<\/strong><\/li>\n\n\n\n<li>Getr\u00e4nke w\u00e4hrend des Programms<\/li>\n<\/ul>\n\n\n\n<p class=\"wp-block-paragraph\">Alle Retreats finden im <strong>Mui Shizen Dojo<\/strong> im Naturschutzgebiet Schwalm-Nette statt.<\/p>\n\n\n\n<p class=\"wp-block-paragraph\">.<\/p>\n\n\n\n<p class=\"wp-block-paragraph\">Gerne sende ich Dir auf Anfrage das ausf\u00fchrliche Programm sowie ein individuelles Angebot.<\/p>\n\n\n\n<p class=\"wp-block-paragraph\"><strong>Drei Sprachen \u2013 eine gemeinsame Haltung<\/strong><\/p>\n\n\n\n<p class=\"wp-block-paragraph\">Als Japaner mit langj\u00e4hriger Berufs- und Lebenserfahrung in Europa begleite ich Menschen in&nbsp;<strong>Deutsch, Englisch oder Japanisch<\/strong>. Melde Dich einfach. Dein Weg beginnt mit einem einzigen Schritt.<\/p>\n","protected":false},"excerpt":{"rendered":"<p>Zeit f\u00fcr Regeneration, Klarheit und pers\u00f6nliche Entwicklung Unsere Retreat-Programme finden im Mui Shizen Dojo in Waldniel statt \u2013 einem besonderen Ort auf privatem Grundst\u00fcck, gelegen im Naturschutzgebiet Schwalm-Nette, umgeben von Ruhe und unber\u00fchrter Natur. Jedes Retreat bietet ausreichend Zeit f\u00fcr \u00dcbung, Austausch, Stille und Erholung \u2013 in einer famili\u00e4ren Atmosph\u00e4re, die Offenheit, Vertrauen und gegenseitige &hellip; <\/p>\n<p class=\"link-more\"><a href=\"https:\/\/www.body-mindfulness.de\/?page_id=63\" class=\"more-link\"><span class=\"screen-reader-text\">\u201eRetreat Programm\u201c <\/span>weiterlesen<\/a><\/p>\n","protected":false},"author":1,"featured_media":0,"parent":0,"menu_order":0,"comment_status":"closed","ping_status":"closed","template":"","meta":{"_monsterinsights_skip_tracking":false,"footnotes":""},"class_list":["post-63","page","type-page","status-publish","hentry"],"_links":{"self":[{"href":"https:\/\/www.body-mindfulness.de\/index.php?rest_route=\/wp\/v2\/pages\/63","targetHints":{"allow":["GET"]}}],"collection":[{"href":"https:\/\/www.body-mindfulness.de\/index.php?rest_route=\/wp\/v2\/pages"}],"about":[{"href":"https:\/\/www.body-mindfulness.de\/index.php?rest_route=\/wp\/v2\/types\/page"}],"author":[{"embeddable":true,"href":"https:\/\/www.body-mindfulness.de\/index.php?rest_route=\/wp\/v2\/users\/1"}],"replies":[{"embeddable":true,"href":"https:\/\/www.body-mindfulness.de\/index.php?rest_route=%2Fwp%2Fv2%2Fcomments&post=63"}],"version-history":[{"count":4,"href":"https:\/\/www.body-mindfulness.de\/index.php?rest_route=\/wp\/v2\/pages\/63\/revisions"}],"predecessor-version":[{"id":220,"href":"https:\/\/www.body-mindfulness.de\/index.php?rest_route=\/wp\/v2\/pages\/63\/revisions\/220"}],"wp:attachment":[{"href":"https:\/\/www.body-mindfulness.de\/index.php?rest_route=%2Fwp%2Fv2%2Fmedia&parent=63"}],"curies":[{"name":"wp","href":"https:\/\/api.w.org\/{rel}","templated":true}]}}

<p class="has-medium-font-size wp-block-paragraph"><strong>Zeit für Regeneration, Klarheit und persönliche Entwicklung</strong></p>



<div class="wp-block-media-text is-stacked-on-mobile" style="grid-template-columns:25% auto"><figure class="wp-block-media-text__media"><img loading="lazy" decoding="async" width="361" height="327" src="https://www.body-mindfulness.de/wp-content/uploads/2026/09/icon-retreat.jpg" alt="" class="wp-image-128 size-full" srcset="https://www.body-mindfulness.de/wp-content/uploads/2026/09/icon-retreat.jpg 361w, https://www.body-mindfulness.de/wp-content/uploads/2026/09/icon-retreat-300x272.jpg 300w" sizes="auto, (max-width: 361px) 100vw, 361px" /></figure><div class="wp-block-media-text__content">
<p class="wp-block-paragraph">Unsere Retreat-Programme finden im <strong>Mui Shizen Dojo</strong> in Waldniel statt – einem besonderen Ort auf privatem Grundstück, gelegen im Naturschutzgebiet <strong>Schwalm-Nette</strong>, umgeben von Ruhe und unberührter Natur.</p>



<p class="wp-block-paragraph">Jedes Retreat bietet ausreichend Zeit für Übung, Austausch, Stille und Erholung – in einer familiären Atmosphäre, die Offenheit, Vertrauen und gegenseitige Wertschätzung fördert.</p>
</div></div>



<ul class="wp-block-list">
<li>Meditation</li>



<li>Reinigung des Körpers und der Umgebung</li>



<li>Yoga</li>



<li>Wanderung und Achtsamkeitsübung in Natur</li>



<li>Bewegungsübungen</li>



<li>Massage (Option &#8211; Zusatzleistung)</li>



<li>Vegetarisch- und Ayurvedische Küche</li>



<li>Entspannungsmeditation</li>
</ul>



<p class="wp-block-paragraph">Das Mui Shizen Dojo ist mehr als ein Seminarort. Es ist ein Ort der Begegnung, der Inspiration und des gemeinsamen Weges – ein Raum, in dem Menschen zu mehr Energie, Erfüllung und Verbundenheit finden können.</p>



<h3 class="wp-block-heading">Teilnahmegebühren</h3>



<p class="wp-block-paragraph">Die Teilnahmegebühren richten sich nach dem jeweiligen Retreat-Programm, der Dauer des Aufenthalts sowie dem Umfang der enthaltenen Leistungen. Um eine persönliche und intensive Atmosphäre zu gewährleisten, finden die Retreats in kleinen Gruppen mit <strong>2 bis maximal 8 Teilnehmenden</strong> statt.</p>



<h3 class="wp-block-heading">🌿 Wochenend-Retreat (2 Tage / 1 Übernachtung)</h3>



<p class="wp-block-paragraph">Ideal zum Abschalten, Auftanken und Kennenlernen der Body-Mindfulness-Methode.</p>



<p class="wp-block-paragraph"><strong>Teilnahmegebühr:</strong> ab <strong>350 € pro Person</strong></p>



<p class="wp-block-paragraph"><strong>Inklusive:</strong></p>



<ul class="wp-block-list">
<li><strong>1 Übernachtung</strong></li>



<li>Vollpension mit <strong>4 Mahlzeiten</strong></li>



<li>Getränke während des Programms</li>
</ul>



<h3 class="wp-block-heading">🌳 Intensiv-Retreat (3 Tage / 2 Übernachtungen)</h3>



<p class="wp-block-paragraph">Mehr Zeit für Regeneration, persönliche Entwicklung und das intensive Erleben von Body-Mindfulness, Natur und Gemeinschaft.</p>



<p class="wp-block-paragraph"><strong>Teilnahmegebühr:</strong> ab <strong>550 € pro Person</strong></p>



<p class="wp-block-paragraph"><strong>Inklusive:</strong></p>



<ul class="wp-block-list">
<li><strong>2 Übernachtungen</strong></li>



<li>Vollpension mit <strong>7 Mahlzeiten</strong></li>



<li>Getränke während des Programms</li>
</ul>



<p class="wp-block-paragraph">Alle Retreats finden im <strong>Mui Shizen Dojo</strong> im Naturschutzgebiet Schwalm-Nette statt.</p>



<p class="wp-block-paragraph">.</p>



<p class="wp-block-paragraph">Gerne sende ich Dir auf Anfrage das ausführliche Programm sowie ein individuelles Angebot.</p>



<p class="wp-block-paragraph"><strong>Drei Sprachen – eine gemeinsame Haltung</strong></p>



<p class="wp-block-paragraph">Als Japaner mit langjähriger Berufs- und Lebenserfahrung in Europa begleite ich Menschen in&nbsp;<strong>Deutsch, Englisch oder Japanisch</strong>. Melde Dich einfach. Dein Weg beginnt mit einem einzigen Schritt.</p>

<p>Zeit für Regeneration, Klarheit und persönliche Entwicklung Unsere Retreat-Programme finden im Mui Shizen Dojo in Waldniel statt – einem besonderen Ort auf privatem Grundstück, gelegen im Naturschutzgebiet Schwalm-Nette, umgeben von Ruhe und unberührter Natur. Jedes Retreat bietet ausreichend Zeit für Übung, Austausch, Stille und Erholung – in einer familiären Atmosphäre, die Offenheit, Vertrauen und gegenseitige &hellip; </p>
<p class="link-more"><a href="https://www.body-mindfulness.de/?page_id=63" class="more-link"><span class="screen-reader-text">„Retreat Programm“ </span>weiterlesen</a></p>
